 - -25.
-24
What is the value of -4 + (-2 - -20) - (1 - -9)?
4
What is the value of 9 + (-7 - -4) + -5 - (4 - 8)?
5
What is the value of 8 - (-2 + 12 + 0)?
-2
What is 3 + (2 + (-16 - -4) - -9)?
2
What is -6 + (6 - 17) - -10?
-7
(3 - 15) + -26 + 58
20
Evaluate -7 + -14 + -9 - -12 - (-2 - 3).
-13
Evaluate 1 + 2 + (28 + -16 + -33 - -14).
-4
56 - 34 - (5 - 5)
22
Calculate 4 - ((4 - (5 - -4)) + 13 + -12).
8
What is 6 + (-6 - (4 - 3)) + 17 + -7?
9
What is (1 - 4) + -2 + -5 + (-22 - -36)?
4
-13 + 42 + -18 + 5
16
What is the value of 11 - (18 + 0) - (10 - 11)?
-6
Calculate (3 - 8) + -5 + -1 - 3.
-14
What is the value of 20 + (12 - -2) - 20?
14
Calculate (-1 - -2) + -2 + 5 - (27 + -10).
-13
Calculate 1 - (-4 - 2 - (-13 + 21 - 8)).
7
What is 8 - (3 + 6 - -2)?
-3
What is 8 - (-1 - 0) - ((13 - 13) + -7)?
16
What is -13 - -26 - 48 - -18?
-17
Evaluate -9 - (-5 - -20) - (-19 - -11).
-16
(64 - (65 - 10)) + (1 - 1)
9
Evaluate -10 + 14 - (11 + (11 - 14 - 38)).
34
1 - (-1 - 5) - (127 + -127)
7
16 + -44 + 17 + 0 - -15
4
Evaluate -10 + (66 + -70 - (0 - 42)).
28
What is the value of (-6 - (1 - (8 - (8 + 0)))) + 22?
15
What is (17 + 18 - 8) + -43?
-16
What is -1 + -4 + 3 - (-4 - (13 + -20))?
-5
Evaluate -11 + 23 + (12 - 22).
2
Evaluate (-55 - -49) + (2 - (-1 + 3 + -1)).
-5
Calculate -14 + (-92 - -79) + (8 - 0).
-19
-6 - (16 + -11 + -15)
4
What is (1 - 1 - 3) + (499 - 503)?
-7
6 + 16 + -18 - 10
-6
Evaluate 4 + 8 + 11 + -13.
10
1 + 0 - (-128 - -140)
-11
What is -37 - (-24 + -17) - 32?
-28
Calculate -2 - (-1 + 0 - (8 + -14) - -3).
-10
-3 + 0 + 25 + -10 + -10
2
2 + (-9 - -5) - (1 - -4)
-7
(37 - (5 + 8)) + (-8 - 6)
10
Evaluate -22 - (-4 + 6 - (0 - -10)).
-14
What is the value of (11 - (-16 + 14)) + 1?
14
What is the value of 2 - (14 + 2 - 8) - -6?
0
What is the value of -6 + (-9 - 12) - (4 - 9)?
-22
(109 - 62 - 38) + 9 + 1
19
What is -16 + 9 - (0 - (8 + 3))?
4
Evaluate 8 - ((-4 + -6 - -10) + 26) - -1.
-17
What is (-70 - -50) + (12 - -1)?
-7
Evaluate -5 + 9 + (-13 - 6) + 10.
-5
-3 + -14 - -20 - 19
-16
(-14 - 1) + (-9 - 0 - (44 - 58))
-10
Evaluate -19 + 5 - (-6 + -5).
-3
Evaluate (-1 - 3 - (-41 - -30)) + 0.
7
Calculate -3 + 0 + 21 + 12 + -19 + 16.
27
Evaluate -6 + 7 + -7 - (-11 + 0 - -6).
-1
What is the value of (-1221 - -1227) + (0 - -3 - (2 + -2))?
9
Evaluate (-33 - (8 + -42)) + 19.
20
Calculate (3 - 46) + -1 - (-910 + 901).
-35
What is the value of 41 + 0 - (66 + -28 + -24)?
27
Calculate -6 + -16 - -12 - (0 + -8).
-2
Calculate (479 - 499) + (7 - 0).
-13
What is the value of 34 + -1 - (4 + -2 + 5 - -2)?
24
-17 + 2 + (88 - 83)
-10
What is 23 - (-19 + 13) - 15?
14
What is -4 - ((-2 - -5) + (15 - 10) + -1)?
-11
20 - ((-6 - 11) + 15)
22
What is -19 + 21 + 20 + -40?
-18
(-5 + -2 - 1) + -5 - -7
-6
What is the value of (7 - 29) + -7 + 2 + -2 + -10?
-39
Evaluate (-7 - -22) + -34 + -13 + 2.
-30
0 + 1 - (-43 - -57 - -6)
-19
Calculate 0 + 1 - (-3 + 1) - (102 - 94).
-5
What is -6 + (11 - 9) - -6?
2
What is the value of 2 + 4 + (-47 - ((10 - -1) + -27))?
-25
What is (6 - (3 - -3)) + 3 + (0 - 0)?
3
What is the value of -1 + (32 - 38) + 5?
-2
Calculate -16 + (2 - (3 + -5)) + 5 + -7.
-14
Evaluate 138 + -138 + (5 - 6 - (-1 - 9)).
9
Evaluate -2 - -11 - ((-225 - -241) + (-11 - -1)).
3
Calculate -46 - -1 - (-443 + 422).
-24
Calculate -10 + (2 - 0) + 4 + 20 + -8.
8
Calculate 3026 + -2999 + 0 + (1 - -1) + 6.
35
Calculate (-27 - -2) + -997 + 1015.
-7
Calculate 2 + -8 + 8 + -12 + -3.
-13
What is (-21 + 25 - 20) + 15?
-1
What is -10 - -13 - (-1 - 3 - (1 - 18))?
-10
Calculate -6 - (1 + (6 - 5) + -5).
-3
What is 21 + -20 + (7 - -2)?
10
Calculate -4 + (6 + 0 - 4) + (1 - -3).
2
Evaluate 554 + -583 - (-16 - -1).
-14
What is 14 + -13 + 26 - 47?
-20
Calculate -6 + -40 + 13 + 10.
-23
What is -7 - 0 - (-9 + 31 - 19)?
-10
What is 5 - (9 + (-2 - 3 - 11 - -7))?
5
Calculate -3 + (6 + 7 - 32 - -20).
-2
What is (17 - (-1 + 1 + (46 - 39))) + -6?
4
What is (-21 - 2) + (-1 + -4 - -3) - -8?
-17
What is the value of -3 + 6 + -6 - (-2 - -11)?
-12
Calculate 12 + (-8 + 4 - (13 + -4)).
-1
What is 85 + -96 - (2 - (2 - 0))?
-11
What is the value of -41 - (33 + -20) - -40?
-14
Calculate 17 - (-2 - -3 - -9 - 10).
17
What is -17 - (-120 + 107 - (0 + 1))?
-3
-2 - ((-1 - (-6 - -7)) + (-3 - -7))
-4
Evaluate -9 + (6 + 8 - 6) + -2.
-3
Evaluate (-2 - 0 - (-1 + -1)) + -5 - 4.
-9
What is -4 - (-15 - (2 - (-3 - -9))) - -9?
16
Evaluate 5 + 5 + -22 - -16.
4
Evaluate (1 + -9 - 7) + 24 + -12.
-3
What is (6 - (0 + 4)) + 4 + 4?
10
Evaluate -4 - 2 - (-336 - -347).
-17
What is the value of 10 - (5 - 6) - 11?
0
Evaluate 0 + 7 - (-23 + 96 - 86).
20
What is 21 + (-4 - (19 - 13))?
11
What is 20 - 3 - (-7 + 5 + -5)?
24
What is the value of -5 + 4 - (-12 + 10) - 24?
-23
What is the value of 2 + -6 + 9 + (4 - 8) + -17?
-16
What is the value of (13 - 28) + (21 - -7)?
13
-55 + 43 - (2 - 11)
-3
Calculate (6 - 12 - (-8 + 4)) + (-13 - -18).
3
Evaluate 4 - (-6 + -4 + 4 - (-10 - 1)).
-1
Evaluate -17 + -2 + 17 + (0 - -10) - -3.
11
What is 18 - -9 - (-54 - -69)?
12
What is (516 - 534) + 1 + -3 + 1 + 4?
-15
Evaluate -12 - (-5 + -9 + -12).
14
1015 - 980 - (0 - -6)
29
-3 - (2 + (7 - (-7 + 19)) + -7)
7
Evaluate (-13 - -6 - -16) + -12 + 2 + -2.
-3
Evaluate (1 + 5 - 3) + -3 + -9.
-9
Evaluate -5 - (-12 + -9 + 11 + -2).
7
22 - 10 - (-2 + 21)
-7
What is 4 - ((-6 - -5) + -10 + 5)?
10
Calculate (-7 + -2 - 0) + (-3 - -1 - -4).
-7
15 + -1 + -5 + (3 - (5 + -1))
8
What is the value of 7 + (-8 - 2) - 0 - (-2 - -7)?
-8
Calculate (6 - 19) + -5 + 13 + -14 - -10.
-9
(-4 - 2) + (1 - (-19 - (-9 - -6)))
11
What is (2 - 2) + -10 + -7?
-17
(20 - -9) + (3 + 3 - 15)
20
-17 + 21 + -18 + 2 + -2 + 2
-12
What is -3 + 2 - 4 - (-2 - (8 - 10))?
-5
What is the value of (-25 - -6 - -6) + 18?
5
What is -6 + 5 + 4 + -16?
-13
-721 - -763 - (60 - -1)
-19
1 + 16 + (390 - 409)
-2
What is the value of 0 + 5 - (-2 + (-4 - -24) + -12)?
-1
What is 9 + (9 - (30 + -21))?
9
Calculate 1 - (-2 - -1) - (-307 + 295).
14
Evaluate 31 + -22 + -12 + -9.
-12
Evaluate 4 + 0 + 1 + -11 + 1.
-5
What is -35 + 31 + (7 - (-2 - 0 - -2))?
3
What is (1 - -8 - (8 + 1)) + 5?
5
What is 10 + -22 - (24 + -21 + 1 + -2)?
-14
What is -3 + (6 - 4) + -11 + 5?
-7
What is the value of -20 - (-42 - (9 + 1 - 21))?
11
Evaluate 40 - (9 - -5 - (-37 - -38)).
27
What is -11 + 9 + -7 + 9?
0
(377 - 366 - (-1 - 5)) + -30
-13
(13 - -20 - 22) + -9
2
What is -5 + 13 + (7 - (2 - 3))?
16
What is 33 + -44 - (4 + 0 + (-44 - -2))?
27
What is -9 - (-5 - (-12 + (14 - -9)))?
7
Calculate 10 - (2 + -1 + 1 + 51 + -11).
-32
What is (-5 - -1) + (-26 - -41)?
11
Evaluate 4 - (-1 - ((-10 - -11) + 3 + -3)).
6
What is the value of -27 - (1 + (-13 - -13) + -3)?
-25
Calculate -33 - (-47 + 40 + -5).
-21
What is 10 + (-12 - -12 - 8)?
2
1 - (2 - 3 - (28 + -29))
1
What is -32 - (8 + -18) - (-3 - (0 + 1))?
-18
What is -7 - (0 + -8 + -23 + 24 + 12)?
-12
-3 + -8 + 7 + 2 + (-10 - 10)
-22
Calculate -11 - (-18 + 5) - (-5 + -6).
13
What is the value of -7 + (-6 - ((-19 - -8) + 14))?
-16
1 + 1 - 2 - (23 + -24)
1
What is the value of -13 - ((0 - 19) + 11)?
-5
Evaluate -8 + (-16 - -57 - 16).
17
What is the value of -10 + -1 + 4 - -2 - -25 - 4?
16
Calculate -1 + -1 - 1 - (-30 + 27).
0
Calculate -3 - (-6 - (-3 - (2 + 5 - 0))).
-7
Evaluate -7 - (-80 + 55) - (6 + 1).
11
What is (-66 - -26) + (-19 - -35)?
-24
Evaluate (2 - -5) + 3 + -1 + 39 + -47.
1
Calculate (0 - -2) + -19 + 36.
19
What is the value of -21 - (12 + -25) - (-27 + -2)?
21
Calculate 0 + -2 - (17 + -39 + 22 + -8).
6
Evaluate -9 + ((-1 - -2) + 30 - (-2 - -1)).
23
Calculate 12 + 6 + 0 - (0 + -3 + 14).
7
Evaluate 7 + (-10 - 10) + 1.
-12
Evaluate 1 + -7 - (-82 + 84).
-8
Evaluate 5 - (-3 + 0) - (1015 + -1020).
13
(0 - 6) + (6 - (-11 + 20 + -8))
-1
What is the value of -2 - -8 - (0 - (-2 + (-1 - -6)))?
9
Evaluate -4 + (3 - (-1 + 1)) - -5.
4
8 - (-17 - -17) - 2
6
What is the value of -10 - (-7 + -2 + 32 + -22 - -19)?
-30
Calculate -48 - -80 - 35 - (-4 + 0).
1
-19 + (1 - -16) - -12
10
What is the value of -25 + -4 + 1 + (-1 - -9) + -6?
-26
Calculate 13 + (-3 - 16) - 6.
-12
Evaluate 6 + 12 + -2 + -6 + 1.
11
What is the value of 11 + (-26 - (-15 - -10))?
-10
What is -5 + (-10 - (11 - 38) - -8)?
20
What is (380 - 373 - (-22 + 0)) + -11?
18
-47 + 48 - (-3 + -1 - -11)
-6
What is the value of 0 - (-6 - (-8 + 6 + -9 + 13))?
8
What i